CRAN Package Check Results for Package hopit

Last updated on 2025-09-29 20:49:47 CEST.

Flavor Version Tinstall Tcheck Ttotal Status Flags
r-devel-linux-x86_64-debian-clang 0.11.6 33.29 109.06 142.35 OK
r-devel-linux-x86_64-debian-gcc 0.11.6 26.31 80.40 106.71 OK
r-devel-linux-x86_64-fedora-clang 0.11.6 243.88 OK
r-devel-linux-x86_64-fedora-gcc 0.11.6 244.07 OK
r-devel-windows-x86_64 0.11.6 37.00 136.00 173.00 OK
r-patched-linux-x86_64 0.11.6 32.61 105.01 137.62 OK
r-release-linux-x86_64 0.11.6 32.36 106.08 138.44 OK
r-release-macos-arm64 0.11.6 71.00 OK
r-release-macos-x86_64 0.11.6 144.00 OK
r-release-windows-x86_64 0.11.6 37.00 136.00 173.00 OK
r-oldrel-macos-arm64 0.11.6 72.00 NOTE
r-oldrel-macos-x86_64 0.11.6 112.00 NOTE
r-oldrel-windows-x86_64 0.11.6 44.00 171.00 215.00 OK

Check Details

Version: 0.11.6
Check: installed package size
Result: NOTE installed size is 10.3Mb sub-directories of 1Mb or more: libs 9.6Mb Flavors: r-oldrel-macos-arm64, r-oldrel-macos-x86_64