Last updated on 2025-09-30 20:50:41 CEST.
Flavor | Version | Tinstall | Tcheck | Ttotal | Status | Flags |
---|---|---|---|---|---|---|
r-devel-linux-x86_64-debian-clang | 0.23 | 11.46 | 115.81 | 127.27 | NOTE | --no-tests --no-vignettes |
r-devel-linux-x86_64-debian-gcc | 0.23 | 9.21 | 84.44 | 93.65 | NOTE | --no-tests --no-vignettes |
r-devel-linux-x86_64-fedora-clang | 0.23 | 606.04 | OK | |||
r-devel-linux-x86_64-fedora-gcc | 0.23 | 977.34 | OK | |||
r-devel-windows-x86_64 | 0.23 | 14.00 | 185.00 | 199.00 | OK | --no-vignettes |
r-patched-linux-x86_64 | 0.23 | 12.21 | 109.65 | 121.86 | OK | --no-tests --no-vignettes |
r-release-linux-x86_64 | 0.23 | 12.99 | 109.15 | 122.14 | OK | --no-tests --no-vignettes |
r-release-macos-arm64 | 0.23 | 474.00 | OK | |||
r-release-macos-x86_64 | 0.23 | 571.00 | OK | |||
r-release-windows-x86_64 | 0.23 | 18.00 | 259.00 | 277.00 | OK | --no-vignettes |
r-oldrel-macos-arm64 | 0.23 | 299.00 | OK | |||
r-oldrel-macos-x86_64 | 0.23 | 549.00 | OK | |||
r-oldrel-windows-x86_64 | 0.23 | 20.00 | 305.00 | 325.00 | OK | --no-vignettes |
Version: 0.23
Flags: --no-tests --no-vignettes
Check: CRAN incoming feasibility
Result: NOTE
Maintainer: ‘Joshua N. Pritikin <jpritikin@pobox.com>’
Package CITATION file contains call(s) to old-style citEntry(). Please
use bibentry() instead.
Flavors: r-devel-linux-x86_64-debian-clang, r-devel-linux-x86_64-debian-gcc