CRAN Package Check Results for Package irt

Last updated on 2025-09-30 20:50:41 CEST.

Flavor Version Tinstall Tcheck Ttotal Status Flags
r-devel-linux-x86_64-debian-clang 0.2.9 128.98 197.81 326.79 OK
r-devel-linux-x86_64-debian-gcc 0.2.9 101.24 125.82 227.06 OK
r-devel-linux-x86_64-fedora-clang 0.2.9 589.81 OK
r-devel-linux-x86_64-fedora-gcc 0.2.9 602.21 OK
r-devel-windows-x86_64 0.2.9 143.00 217.00 360.00 OK
r-patched-linux-x86_64 0.2.9 147.43 186.99 334.42 OK
r-release-linux-x86_64 0.2.9 147.42 185.04 332.46 OK
r-release-macos-arm64 0.2.9 115.00 OK
r-release-macos-x86_64 0.2.9 202.00 OK
r-release-windows-x86_64 0.2.9 148.00 221.00 369.00 OK
r-oldrel-macos-arm64 0.2.9 117.00 NOTE
r-oldrel-macos-x86_64 0.2.9 160.00 NOTE
r-oldrel-windows-x86_64 0.2.9 155.00 288.00 443.00 OK

Check Details

Version: 0.2.9
Check: installed package size
Result: NOTE installed size is 9.8Mb sub-directories of 1Mb or more: libs 8.1Mb Flavors: r-oldrel-macos-arm64, r-oldrel-macos-x86_64