Last updated on 2025-10-01 08:48:40 CEST.
Flavor | Version | Tinstall | Tcheck | Ttotal | Status | Flags |
---|---|---|---|---|---|---|
r-devel-linux-x86_64-debian-clang | 0.6 | 2.52 | 46.80 | 49.32 | NOTE | |
r-devel-linux-x86_64-debian-gcc | 0.6 | 1.79 | 33.50 | 35.29 | NOTE | |
r-devel-linux-x86_64-fedora-clang | 0.7.0 | 127.06 | OK | |||
r-devel-linux-x86_64-fedora-gcc | 0.7.0 | 133.80 | OK | |||
r-devel-windows-x86_64 | 0.6 | 4.00 | 62.00 | 66.00 | NOTE | |
r-patched-linux-x86_64 | 0.6 | 2.41 | 44.66 | 47.07 | NOTE | |
r-release-linux-x86_64 | 0.6 | 1.61 | 44.19 | 45.80 | NOTE | |
r-release-macos-arm64 | 0.6 | 28.00 | NOTE | |||
r-release-macos-x86_64 | 0.7.0 | 94.00 | OK | |||
r-release-windows-x86_64 | 0.7.0 | 7.00 | 85.00 | 92.00 | OK | |
r-oldrel-macos-arm64 | 0.6 | 40.00 | OK | |||
r-oldrel-macos-x86_64 | 0.7.0 | 102.00 | OK | |||
r-oldrel-windows-x86_64 | 0.7.0 | 8.00 | 104.00 | 112.00 | ERROR |
Version: 0.6
Check: DESCRIPTION meta-information
Result: NOTE
Missing dependency on R >= 4.1.0 because package code uses the pipe
|> or function shorthand \(...) syntax added in R 4.1.0.
File(s) using such syntax:
‘ivo_flextable_theme.Rd’ ‘ivo_table.Rd’ ‘ivo_table_add_mask.Rd’
‘ivo_table_masked.Rd’ ‘ivo_tables.R’
Flavors: r-devel-linux-x86_64-debian-clang, r-devel-linux-x86_64-debian-gcc, r-devel-windows-x86_64, r-patched-linux-x86_64, r-release-linux-x86_64, r-release-macos-arm64
Version: 0.7.0
Check: re-building of vignette outputs
Result: ERROR
Error(s) in re-building vignettes:
--- re-building 'ivo_table.Rmd' using rmarkdown
File man/figures/logo.png not found in resource path
Error: processing vignette 'ivo_table.Rmd' failed with diagnostics:
pandoc document conversion failed with error 99
--- failed re-building 'ivo_table.Rmd'
--- re-building 'ivo_table_gt.Rmd' using rmarkdown
--- finished re-building 'ivo_table_gt.Rmd'
SUMMARY: processing the following file failed:
'ivo_table.Rmd'
Error: Vignette re-building failed.
Execution halted
Flavor: r-oldrel-windows-x86_64