CRAN Package Check Results for Package jackalope

Last updated on 2025-09-30 20:50:41 CEST.

Flavor Version Tinstall Tcheck Ttotal Status Flags
r-devel-linux-x86_64-debian-clang 1.1.5 3.24 3.24 ERROR
r-devel-linux-x86_64-debian-gcc 1.1.6 140.73 39.96 180.69 OK
r-devel-linux-x86_64-fedora-clang 1.1.6 504.30 OK
r-devel-linux-x86_64-fedora-gcc 1.1.6 485.54 OK
r-devel-windows-x86_64 1.1.5 267.00 176.00 443.00 OK
r-patched-linux-x86_64 1.1.5 212.62 49.77 262.39 OK
r-release-linux-x86_64 1.1.5 219.82 49.20 269.02 OK
r-release-macos-arm64 1.1.6 118.00 OK
r-release-macos-x86_64 1.1.6 214.00 OK
r-release-windows-x86_64 1.1.5 259.00 173.00 432.00 OK
r-oldrel-macos-arm64 1.1.5 109.00 NOTE
r-oldrel-macos-x86_64 1.1.6 292.00 NOTE
r-oldrel-windows-x86_64 1.1.5 305.00 209.00 514.00 NOTE

Check Details

Version: 1.1.5
Check: package dependencies
Result: ERROR Package required but not available: ‘zlibbioc’ See section ‘The DESCRIPTION file’ in the ‘Writing R Extensions’ manual. Flavor: r-devel-linux-x86_64-debian-clang

Version: 1.1.5
Check: installed package size
Result: NOTE installed size is 19.7Mb sub-directories of 1Mb or more: art_profiles 1.5Mb libs 17.3Mb Flavors: r-oldrel-macos-arm64, r-oldrel-windows-x86_64

Version: 1.1.5
Check: for GNU extensions in Makefiles
Result: NOTE GNU make is a SystemRequirements. Flavors: r-oldrel-macos-arm64, r-oldrel-windows-x86_64

Version: 1.1.6
Check: installed package size
Result: NOTE installed size is 20.2Mb sub-directories of 1Mb or more: art_profiles 1.5Mb libs 17.9Mb Flavor: r-oldrel-macos-x86_64

Version: 1.1.6
Check: for GNU extensions in Makefiles
Result: NOTE GNU make is a SystemRequirements. Flavor: r-oldrel-macos-x86_64