CRAN Package Check Results for Package kanjistat

Last updated on 2025-09-30 20:50:42 CEST.

Flavor Version Tinstall Tcheck Ttotal Status Flags
r-devel-linux-x86_64-debian-clang 0.14.2 24.45 113.94 138.39 OK
r-devel-linux-x86_64-debian-gcc 0.14.2 17.94 80.74 98.68 OK
r-devel-linux-x86_64-fedora-clang 0.14.2 219.68 OK
r-devel-linux-x86_64-fedora-gcc 0.14.2 223.58 OK
r-devel-windows-x86_64 0.14.2 32.00 142.00 174.00 OK
r-patched-linux-x86_64 0.14.2 25.96 108.68 134.64 OK
r-release-linux-x86_64 0.14.2 24.69 108.38 133.07 OK
r-release-macos-arm64 0.14.2 64.00 OK
r-release-macos-x86_64 0.14.2 159.00 OK
r-release-windows-x86_64 0.14.2 34.00 134.00 168.00 OK
r-oldrel-macos-arm64 0.14.2 73.00 NOTE
r-oldrel-macos-x86_64 0.14.2 143.00 NOTE
r-oldrel-windows-x86_64 0.14.2 42.00 178.00 220.00 NOTE

Check Details

Version: 0.14.2
Check: package dependencies
Result: NOTE Package suggested but not available for checking: ‘kanjistat.data’ Flavors: r-oldrel-macos-arm64, r-oldrel-macos-x86_64, r-oldrel-windows-x86_64