Last updated on 2025-09-30 20:50:42 CEST.
Flavor | Version | Tinstall | Tcheck | Ttotal | Status | Flags |
---|---|---|---|---|---|---|
r-devel-linux-x86_64-debian-clang | 0.1.35 | 203.90 | 38.12 | 242.02 | OK | |
r-devel-linux-x86_64-debian-gcc | 0.1.35 | 153.24 | 30.99 | 184.23 | OK | |
r-devel-linux-x86_64-fedora-clang | 0.1.35 | 481.10 | OK | |||
r-devel-linux-x86_64-fedora-gcc | 0.1.35 | 468.00 | OK | |||
r-devel-windows-x86_64 | 0.1.35 | 456.00 | 91.00 | 547.00 | OK | |
r-patched-linux-x86_64 | 0.1.35 | 201.68 | 36.41 | 238.09 | OK | |
r-release-linux-x86_64 | 0.1.35 | 202.76 | 36.75 | 239.51 | OK | |
r-release-macos-arm64 | 0.1.35 | 124.00 | OK | |||
r-release-macos-x86_64 | 0.1.35 | 163.00 | OK | |||
r-release-windows-x86_64 | 0.1.35 | 453.00 | 94.00 | 547.00 | OK | |
r-oldrel-macos-arm64 | 0.1.35 | 129.00 | NOTE | |||
r-oldrel-macos-x86_64 | 0.1.35 | 163.00 | NOTE | |||
r-oldrel-windows-x86_64 | 0.1.35 | 501.00 | 114.00 | 615.00 | NOTE |
Version: 0.1.35
Check: installed package size
Result: NOTE
installed size is 16.1Mb
sub-directories of 1Mb or more:
libs 15.7Mb
Flavors: r-oldrel-macos-arm64, r-oldrel-macos-x86_64, r-oldrel-windows-x86_64