CRAN Package Check Results for Package makepipe

Last updated on 2025-09-30 20:50:43 CEST.

Flavor Version Tinstall Tcheck Ttotal Status Flags
r-devel-linux-x86_64-debian-clang 0.2.2 7.07 49.25 56.32 OK
r-devel-linux-x86_64-debian-gcc 0.2.2 4.16 37.35 41.51 OK
r-devel-linux-x86_64-fedora-clang 0.2.2 81.64 NOTE
r-devel-linux-x86_64-fedora-gcc 0.2.2 94.07 NOTE
r-devel-windows-x86_64 0.2.2 10.00 67.00 77.00 OK
r-patched-linux-x86_64 0.2.2 7.00 45.27 52.27 OK
r-release-linux-x86_64 0.2.2 5.55 44.54 50.09 OK
r-release-macos-arm64 0.2.2 45.00 OK
r-release-macos-x86_64 0.2.2 59.00 OK
r-release-windows-x86_64 0.2.2 9.00 67.00 76.00 OK
r-oldrel-macos-arm64 0.2.2 44.00 OK
r-oldrel-macos-x86_64 0.2.2 71.00 OK
r-oldrel-windows-x86_64 0.2.2 11.00 79.00 90.00 OK

Check Details

Version: 0.2.2
Check: dependencies in R code
Result: NOTE Namespaces in Imports field not imported from: ‘cli’ ‘nomnoml’ All declared Imports should be used. Flavors: r-devel-linux-x86_64-fedora-clang, r-devel-linux-x86_64-fedora-gcc