Last updated on 2025-09-30 20:50:43 CEST.
Flavor | Version | Tinstall | Tcheck | Ttotal | Status | Flags |
---|---|---|---|---|---|---|
r-devel-linux-x86_64-debian-clang | 0.0.1 | 3.90 | 32.45 | 36.35 | OK | |
r-devel-linux-x86_64-debian-gcc | 0.0.1 | 3.11 | 26.48 | 29.59 | OK | |
r-devel-linux-x86_64-fedora-clang | 0.0.1 | 54.40 | NOTE | |||
r-devel-linux-x86_64-fedora-gcc | 0.0.1 | 98.74 | NOTE | |||
r-devel-windows-x86_64 | 0.0.1 | 12.00 | 57.00 | 69.00 | OK | |
r-patched-linux-x86_64 | 0.0.1 | 5.11 | 30.01 | 35.12 | OK | |
r-release-linux-x86_64 | 0.0.1 | 4.30 | 29.96 | 34.26 | OK | |
r-release-macos-arm64 | 0.0.1 | 43.00 | OK | |||
r-release-macos-x86_64 | 0.0.1 | 77.00 | OK | |||
r-release-windows-x86_64 | 0.0.1 | 13.00 | 57.00 | 70.00 | OK | |
r-oldrel-macos-arm64 | 0.0.1 | 33.00 | OK | |||
r-oldrel-macos-x86_64 | 0.0.1 | 65.00 | OK | |||
r-oldrel-windows-x86_64 | 0.0.1 | 17.00 | 65.00 | 82.00 | OK |
Version: 0.0.1
Check: dependencies in R code
Result: NOTE
Namespace in Imports field not imported from: ‘dplyr’
All declared Imports should be used.
Flavors: r-devel-linux-x86_64-fedora-clang, r-devel-linux-x86_64-fedora-gcc