CRAN Package Check Results for Package matchingMarkets

Last updated on 2025-09-29 20:49:50 CEST.

Flavor Version Tinstall Tcheck Ttotal Status Flags
r-devel-linux-x86_64-debian-clang 1.0-4 147.05 135.22 282.27 OK
r-devel-linux-x86_64-debian-gcc 1.0-4 112.83 87.90 200.73 OK
r-devel-linux-x86_64-fedora-clang 1.0-4 482.42 OK
r-devel-linux-x86_64-fedora-gcc 1.0-4 510.95 OK
r-devel-windows-x86_64 1.0-4 175.00 181.00 356.00 OK
r-patched-linux-x86_64 1.0-4 155.92 128.69 284.61 OK
r-release-linux-x86_64 1.0-4 158.88 128.58 287.46 OK
r-release-macos-arm64 1.0-4 147.00 OK
r-release-macos-x86_64 1.0-4 198.00 OK
r-release-windows-x86_64 1.0-4 172.00 185.00 357.00 OK
r-oldrel-macos-arm64 1.0-4 112.00 NOTE
r-oldrel-macos-x86_64 1.0-4 152.00 NOTE
r-oldrel-windows-x86_64 1.0-4 203.00 228.00 431.00 NOTE

Check Details

Version: 1.0-4
Check: installed package size
Result: NOTE installed size is 13.2Mb sub-directories of 1Mb or more: java 3.3Mb libs 8.9Mb Flavors: r-oldrel-macos-arm64, r-oldrel-macos-x86_64, r-oldrel-windows-x86_64