CRAN Package Check Results for Package mediationsens

Last updated on 2025-09-30 20:50:43 CEST.

Flavor Version Tinstall Tcheck Ttotal Status Flags
r-devel-linux-x86_64-debian-clang 0.0.3 17.53 143.59 161.12 NOTE
r-devel-linux-x86_64-debian-gcc 0.0.3 14.05 96.06 110.11 NOTE
r-devel-linux-x86_64-fedora-clang 0.0.3 253.25 OK
r-devel-linux-x86_64-fedora-gcc 0.0.3 234.84 OK
r-devel-windows-x86_64 0.0.3 20.00 126.00 146.00 OK
r-patched-linux-x86_64 0.0.3 17.24 131.54 148.78 OK
r-release-linux-x86_64 0.0.3 17.24 130.33 147.57 OK
r-release-macos-arm64 0.0.3 67.00 OK
r-release-macos-x86_64 0.0.3 105.00 OK
r-release-windows-x86_64 0.0.3 21.00 127.00 148.00 OK
r-oldrel-macos-arm64 0.0.3 59.00 OK
r-oldrel-macos-x86_64 0.0.3 107.00 OK
r-oldrel-windows-x86_64 0.0.3 28.00 159.00 187.00 OK

Check Details

Version: 0.0.3
Check: CRAN incoming feasibility
Result: NOTE Maintainer: ‘Xu Qin <xuqin@pitt.edu>’ No Authors@R field in DESCRIPTION. Please add one, modifying Authors@R: c(person(given = "Xu", family = "Qin", role = c("aut", "cre"), email = "xuqin@pitt.edu"), person(given = "Fan", family = "Yang", role = "aut")) as necessary. Flavors: r-devel-linux-x86_64-debian-clang, r-devel-linux-x86_64-debian-gcc