CRAN Package Check Results for Package meltt

Last updated on 2025-09-30 20:50:43 CEST.

Flavor Version Tinstall Tcheck Ttotal Status Flags
r-devel-linux-x86_64-debian-clang 0.4.3 30.32 101.00 131.32 NOTE
r-devel-linux-x86_64-debian-gcc 0.4.3 20.08 73.22 93.30 NOTE
r-devel-linux-x86_64-fedora-clang 0.4.3 216.17 OK
r-devel-linux-x86_64-fedora-gcc 0.4.3 192.75 OK
r-devel-windows-x86_64 0.4.3 38.00 116.00 154.00 OK
r-patched-linux-x86_64 0.4.3 27.95 93.31 121.26 OK
r-release-linux-x86_64 0.4.3 27.10 93.91 121.01 OK
r-release-macos-arm64 0.4.3 48.00 OK
r-release-macos-x86_64 0.4.3 89.00 OK
r-release-windows-x86_64 0.4.3 35.00 115.00 150.00 OK
r-oldrel-macos-arm64 0.4.3 49.00 OK
r-oldrel-macos-x86_64 0.4.3 76.00 OK
r-oldrel-windows-x86_64 0.4.3 43.00 149.00 192.00 OK

Check Details

Version: 0.4.3
Check: CRAN incoming feasibility
Result: NOTE Maintainer: ‘Karsten Donnay <kdonnay@gmx.net>’ No Authors@R field in DESCRIPTION. Please add one, modifying Authors@R: c(person(given = "Karsten", family = "Donnay", role = c("aut", "cre"), email = "kdonnay@gmx.net"), person(given = "Eric", family = "Dunford", role = "aut")) as necessary. Flavors: r-devel-linux-x86_64-debian-clang, r-devel-linux-x86_64-debian-gcc