CRAN Package Check Results for Package metasnf

Last updated on 2025-09-30 20:50:43 CEST.

Flavor Version Tinstall Tcheck Ttotal Status Flags
r-devel-linux-x86_64-debian-clang 2.1.2 11.51 227.23 238.74 OK
r-devel-linux-x86_64-debian-gcc 2.1.2 7.48 165.07 172.55 OK
r-devel-linux-x86_64-fedora-clang 2.1.2 394.53 OK
r-devel-linux-x86_64-fedora-gcc 2.1.2 406.60 OK
r-devel-windows-x86_64 2.1.2 17.00 272.00 289.00 OK
r-patched-linux-x86_64 2.1.2 14.57 222.87 237.44 OK
r-release-linux-x86_64 2.1.2 11.18 220.55 231.73 OK
r-release-macos-arm64 2.1.2 121.00 OK
r-release-macos-x86_64 2.1.2 260.00 OK
r-release-windows-x86_64 2.1.2 17.00 267.00 284.00 OK
r-oldrel-macos-arm64 2.1.2 130.00 NOTE
r-oldrel-macos-x86_64 2.1.2 255.00 NOTE
r-oldrel-windows-x86_64 2.1.2 23.00 338.00 361.00 NOTE

Check Details

Version: 2.1.2
Check: installed package size
Result: NOTE installed size is 5.1Mb sub-directories of 1Mb or more: doc 3.5Mb Flavors: r-oldrel-macos-arm64, r-oldrel-macos-x86_64, r-oldrel-windows-x86_64