CRAN Package Check Results for Package mixKernel

Last updated on 2025-09-30 20:50:44 CEST.

Flavor Version Tinstall Tcheck Ttotal Status Flags
r-devel-linux-x86_64-debian-clang 0.9-2 28.88 295.70 324.58 OK
r-devel-linux-x86_64-debian-gcc 0.9-2 24.14 210.29 234.43 OK
r-devel-linux-x86_64-fedora-clang 0.9-2 530.43 OK
r-devel-linux-x86_64-fedora-gcc 0.9-2 528.72 OK
r-devel-windows-x86_64 0.9-2 31.00 256.00 287.00 OK
r-patched-linux-x86_64 0.9-2 27.70 273.93 301.63 OK
r-release-linux-x86_64 0.9-2 28.42 272.70 301.12 OK
r-release-macos-arm64 0.9-2 112.00 OK
r-release-macos-x86_64 0.9-2 248.00 OK
r-release-windows-x86_64 0.9-2 3.00 6.00 9.00 ERROR
r-oldrel-macos-arm64 0.9-2 127.00 OK
r-oldrel-macos-x86_64 0.9-2 288.00 OK
r-oldrel-windows-x86_64 0.9-2 42.00 351.00 393.00 OK

Check Details

Version: 0.9-2
Check: whether package can be installed
Result: ERROR Installation failed. Flavor: r-release-windows-x86_64