CRAN Package Check Results for Package multinomineq

Last updated on 2025-09-30 20:50:44 CEST.

Flavor Version Tinstall Tcheck Ttotal Status Flags
r-devel-linux-x86_64-debian-clang 0.2.6 54.43 187.94 242.37 OK
r-devel-linux-x86_64-debian-gcc 0.2.6 37.05 124.03 161.08 OK
r-devel-linux-x86_64-fedora-clang 0.2.6 434.47 OK
r-devel-linux-x86_64-fedora-gcc 0.2.6 447.83 OK
r-devel-windows-x86_64 0.2.6 62.00 242.00 304.00 OK
r-patched-linux-x86_64 0.2.6 59.23 181.96 241.19 OK
r-release-linux-x86_64 0.2.6 55.56 176.07 231.63 OK
r-release-macos-arm64 0.2.6 119.00 OK
r-release-macos-x86_64 0.2.6 233.00 OK
r-release-windows-x86_64 0.2.6 62.00 240.00 302.00 OK
r-oldrel-macos-arm64 0.2.6 108.00 NOTE
r-oldrel-macos-x86_64 0.2.6 181.00 NOTE
r-oldrel-windows-x86_64 0.2.6 77.00 299.00 376.00 OK

Check Details

Version: 0.2.6
Check: installed package size
Result: NOTE installed size is 6.1Mb sub-directories of 1Mb or more: libs 4.7Mb Flavors: r-oldrel-macos-arm64, r-oldrel-macos-x86_64