Last updated on 2025-09-30 20:50:45 CEST.
Flavor | Version | Tinstall | Tcheck | Ttotal | Status | Flags |
---|---|---|---|---|---|---|
r-devel-linux-x86_64-debian-clang | 0.5.0 | 14.85 | 113.12 | 127.97 | OK | |
r-devel-linux-x86_64-debian-gcc | 0.5.0 | 10.48 | 78.17 | 88.65 | OK | |
r-devel-linux-x86_64-fedora-clang | 0.5.0 | 192.91 | NOTE | |||
r-devel-linux-x86_64-fedora-gcc | 0.5.0 | 179.71 | NOTE | |||
r-devel-windows-x86_64 | 0.5.0 | 16.00 | 107.00 | 123.00 | OK | |
r-patched-linux-x86_64 | 0.5.0 | 13.82 | 103.66 | 117.48 | OK | |
r-release-linux-x86_64 | 0.5.0 | 12.27 | 104.06 | 116.33 | OK | |
r-release-macos-arm64 | 0.5.0 | 45.00 | OK | |||
r-release-macos-x86_64 | 0.5.0 | 96.00 | OK | |||
r-release-windows-x86_64 | 0.5.0 | 15.00 | 107.00 | 122.00 | OK | |
r-oldrel-macos-arm64 | 0.5.0 | 48.00 | OK | |||
r-oldrel-macos-x86_64 | 0.5.0 | 76.00 | OK | |||
r-oldrel-windows-x86_64 | 0.5.0 | 20.00 | 133.00 | 153.00 | OK |
Version: 0.5.0
Check: dependencies in R code
Result: NOTE
Namespaces in Imports field not imported from:
‘RColorBrewer’ ‘graphics’
All declared Imports should be used.
Flavors: r-devel-linux-x86_64-fedora-clang, r-devel-linux-x86_64-fedora-gcc