Last updated on 2025-09-30 20:50:46 CEST.
Flavor | Version | Tinstall | Tcheck | Ttotal | Status | Flags |
---|---|---|---|---|---|---|
r-devel-linux-x86_64-debian-clang | 1.2.0 | 10.66 | 246.55 | 257.21 | OK | |
r-devel-linux-x86_64-debian-gcc | 1.2.0 | 7.86 | 164.46 | 172.32 | OK | |
r-devel-linux-x86_64-fedora-clang | 1.2.0 | 417.97 | OK | |||
r-devel-linux-x86_64-fedora-gcc | 1.2.0 | 420.43 | OK | |||
r-devel-windows-x86_64 | 1.2.0 | 54.00 | 308.00 | 362.00 | OK | |
r-patched-linux-x86_64 | 1.1.2 | 9.09 | 117.28 | 126.37 | OK | |
r-release-linux-x86_64 | 1.2.0 | 9.80 | 236.21 | 246.01 | OK | |
r-release-macos-arm64 | 1.2.0 | 147.00 | OK | |||
r-release-macos-x86_64 | 1.2.0 | 338.00 | OK | |||
r-release-windows-x86_64 | 1.2.0 | 58.00 | 340.00 | 398.00 | OK | |
r-oldrel-macos-arm64 | 1.2.0 | 149.00 | NOTE | |||
r-oldrel-macos-x86_64 | 1.2.0 | 370.00 | NOTE | |||
r-oldrel-windows-x86_64 | 1.2.0 | 73.00 | 427.00 | 500.00 | NOTE |
Version: 1.2.0
Check: installed package size
Result: NOTE
installed size is 5.3Mb
sub-directories of 1Mb or more:
doc 4.9Mb
Flavors: r-oldrel-macos-arm64, r-oldrel-macos-x86_64, r-oldrel-windows-x86_64