CRAN Package Check Results for Package osmdata

Last updated on 2025-09-30 20:50:46 CEST.

Flavor Version Tinstall Tcheck Ttotal Status Flags
r-devel-linux-x86_64-debian-clang 0.3.0 65.13 87.32 152.45 OK
r-devel-linux-x86_64-debian-gcc 0.3.0 50.15 64.15 114.30 OK
r-devel-linux-x86_64-fedora-clang 0.3.0 268.00 OK
r-devel-linux-x86_64-fedora-gcc 0.3.0 279.53 OK
r-devel-windows-x86_64 0.3.0 77.00 122.00 199.00 OK
r-patched-linux-x86_64 0.3.0 67.82 82.54 150.36 OK
r-release-linux-x86_64 0.3.0 68.89 82.25 151.14 OK
r-release-macos-arm64 0.3.0 81.00 OK
r-release-macos-x86_64 0.3.0 133.00 OK
r-release-windows-x86_64 0.3.0 81.00 117.00 198.00 OK
r-oldrel-macos-arm64 0.3.0 76.00 NOTE
r-oldrel-macos-x86_64 0.3.0 125.00 NOTE
r-oldrel-windows-x86_64 0.3.0 95.00 143.00 238.00 NOTE

Check Details

Version: 0.3.0
Check: installed package size
Result: NOTE installed size is 12.1Mb sub-directories of 1Mb or more: doc 5.0Mb libs 6.6Mb Flavors: r-oldrel-macos-arm64, r-oldrel-macos-x86_64, r-oldrel-windows-x86_64