CRAN Package Check Results for Package pagoda2

Last updated on 2025-09-30 20:50:46 CEST.

Flavor Version Tinstall Tcheck Ttotal Status Flags
r-devel-linux-x86_64-debian-clang 1.0.13 118.20 132.24 250.44 OK
r-devel-linux-x86_64-debian-gcc 1.0.13 70.90 93.17 164.07 OK
r-devel-windows-x86_64 1.0.13 135.00 151.00 286.00 OK
r-patched-linux-x86_64 1.0.13 110.85 122.12 232.97 OK
r-release-linux-x86_64 1.0.13 117.88 121.24 239.12 OK
r-release-macos-arm64 1.0.13 88.00 OK
r-release-macos-x86_64 1.0.13 146.00 OK
r-release-windows-x86_64 1.0.13 132.00 153.00 285.00 OK
r-oldrel-macos-arm64 1.0.13 101.00 NOTE
r-oldrel-macos-x86_64 1.0.13 154.00 NOTE
r-oldrel-windows-x86_64 1.0.13 164.00 199.00 363.00 OK

Check Details

Version: 1.0.13
Check: package dependencies
Result: NOTE Packages suggested but not available for checking: 'org.Dr.eg.db', 'org.Mm.eg.db' Flavor: r-oldrel-macos-arm64

Version: 1.0.13
Check: installed package size
Result: NOTE installed size is 7.0Mb sub-directories of 1Mb or more: libs 5.2Mb Flavors: r-oldrel-macos-arm64, r-oldrel-macos-x86_64