Last updated on 2025-09-30 20:50:46 CEST.
Flavor | Version | Tinstall | Tcheck | Ttotal | Status | Flags |
---|---|---|---|---|---|---|
r-devel-linux-x86_64-debian-clang | 0.1.8 | 38.86 | 313.61 | 352.47 | OK | |
r-devel-linux-x86_64-debian-gcc | 0.1.8 | 23.43 | 237.07 | 260.50 | OK | |
r-devel-linux-x86_64-fedora-clang | 0.1.8 | 584.74 | OK | |||
r-devel-linux-x86_64-fedora-gcc | 0.1.8 | 551.00 | OK | |||
r-devel-windows-x86_64 | 0.1.8 | 33.00 | 364.00 | 397.00 | OK | |
r-patched-linux-x86_64 | 0.1.8 | 49.54 | 308.68 | 358.22 | OK | |
r-release-linux-x86_64 | 0.1.8 | 41.12 | 308.27 | 349.39 | OK | |
r-release-macos-arm64 | 0.1.8 | 191.00 | OK | |||
r-release-macos-x86_64 | 0.1.8 | 355.00 | OK | |||
r-release-windows-x86_64 | 0.1.8 | 35.00 | 308.00 | 343.00 | OK | |
r-oldrel-macos-arm64 | 0.1.8 | 199.00 | NOTE | |||
r-oldrel-macos-x86_64 | 0.1.8 | 369.00 | NOTE | |||
r-oldrel-windows-x86_64 | 0.1.8 | 47.00 | 371.00 | 418.00 | OK |
Version: 0.1.8
Check: installed package size
Result: NOTE
installed size is 5.4Mb
sub-directories of 1Mb or more:
R 2.0Mb
doc 1.7Mb
help 1.4Mb
Flavors: r-oldrel-macos-arm64, r-oldrel-macos-x86_64