CRAN Package Check Results for Package peruse

Last updated on 2025-09-30 20:50:46 CEST.

Flavor Version Tinstall Tcheck Ttotal Status Flags
r-devel-linux-x86_64-debian-clang 0.3.1 2.29 28.58 30.87 OK
r-devel-linux-x86_64-debian-gcc 0.3.1 1.76 22.72 24.48 OK
r-devel-linux-x86_64-fedora-clang 0.3.1 43.23 OK
r-devel-linux-x86_64-fedora-gcc 0.3.1 42.65 OK
r-devel-windows-x86_64 0.3.1 3.00 52.00 55.00 OK
r-patched-linux-x86_64 0.3.1 2.35 26.16 28.51 OK
r-release-linux-x86_64 0.3.1 1.92 25.93 27.85 OK
r-release-macos-arm64 0.3.1 19.00 OK
r-release-macos-x86_64 0.3.1 28.00 OK
r-release-windows-x86_64 0.3.1 4.00 48.00 52.00 OK
r-oldrel-macos-arm64 0.3.1 17.00 NOTE
r-oldrel-macos-x86_64 0.3.1 24.00 NOTE
r-oldrel-windows-x86_64 0.3.1 3.00 53.00 56.00 NOTE

Check Details

Version: 0.3.1
Check: LazyData
Result: NOTE 'LazyData' is specified without a 'data' directory Flavors: r-oldrel-macos-arm64, r-oldrel-macos-x86_64, r-oldrel-windows-x86_64