CRAN Package Check Results for Package phenocamr

Last updated on 2025-09-29 20:49:55 CEST.

Flavor Version Tinstall Tcheck Ttotal Status Flags
r-devel-linux-x86_64-debian-clang 1.1.5 4.53 118.42 122.95 NOTE
r-devel-linux-x86_64-debian-gcc 1.1.5 2.79 82.30 85.09 NOTE
r-devel-linux-x86_64-fedora-clang 1.1.5 184.10 OK
r-devel-linux-x86_64-fedora-gcc 1.1.5 193.61 OK
r-devel-windows-x86_64 1.1.5 8.00 150.00 158.00 OK
r-patched-linux-x86_64 1.1.5 4.48 111.86 116.34 OK
r-release-linux-x86_64 1.1.5 4.08 113.64 117.72 OK
r-release-macos-arm64 1.1.5 93.00 OK
r-release-macos-x86_64 1.1.5 188.00 OK
r-release-windows-x86_64 1.1.5 6.00 144.00 150.00 OK
r-oldrel-macos-arm64 1.1.5 95.00 OK
r-oldrel-macos-x86_64 1.1.5 128.00 OK
r-oldrel-windows-x86_64 1.1.5 9.00 180.00 189.00 OK

Check Details

Version: 1.1.5
Check: CRAN incoming feasibility
Result: NOTE Maintainer: ‘Koen Hufkens <koen.hufkens@gmail.com>’ Package CITATION file contains call(s) to old-style personList() or as.personList(). Please use c() on person objects instead. Package CITATION file contains call(s) to old-style citEntry(). Please use bibentry() instead. Flavors: r-devel-linux-x86_64-debian-clang, r-devel-linux-x86_64-debian-gcc