CRAN Package Check Results for Package precommit

Last updated on 2025-09-30 20:50:47 CEST.

Flavor Version Tinstall Tcheck Ttotal Status Flags
r-devel-linux-x86_64-debian-clang 0.4.3 3.71 241.70 245.41 NOTE
r-devel-linux-x86_64-debian-gcc 0.4.3 2.49 174.59 177.08 NOTE
r-devel-linux-x86_64-fedora-clang 0.4.3 406.97 OK
r-devel-linux-x86_64-fedora-gcc 0.4.3 408.83 OK
r-devel-windows-x86_64 0.4.3 39.00 519.00 558.00 OK
r-patched-linux-x86_64 0.4.3 3.65 233.64 237.29 OK
r-release-linux-x86_64 0.4.3 3.09 234.50 237.59 OK
r-release-macos-arm64 0.4.3 120.00 OK
r-release-macos-x86_64 0.4.3 229.00 OK
r-release-windows-x86_64 0.4.3 33.00 458.00 491.00 OK
r-oldrel-macos-arm64 0.4.3 105.00 OK
r-oldrel-macos-x86_64 0.4.3 297.00 OK
r-oldrel-windows-x86_64 0.4.3 22.00 306.00 328.00 OK

Check Details

Version: 0.4.3
Check: CRAN incoming feasibility
Result: NOTE Maintainer: ‘Lorenz Walthert <lorenz.walthert@icloud.com>’ No Authors@R field in DESCRIPTION. Please add one, modifying Authors@R: person(given = "Lorenz", family = "Walthert", role = c("aut", "cre"), email = "lorenz.walthert@icloud.com") as necessary. Flavors: r-devel-linux-x86_64-debian-clang, r-devel-linux-x86_64-debian-gcc