Last updated on 2025-09-30 20:50:51 CEST.
Flavor | Version | Tinstall | Tcheck | Ttotal | Status | Flags |
---|---|---|---|---|---|---|
r-devel-linux-x86_64-debian-clang | 0.3 | 7.94 | 160.00 | 167.94 | OK | |
r-devel-linux-x86_64-debian-gcc | 0.3 | 5.01 | 115.72 | 120.73 | OK | |
r-devel-linux-x86_64-fedora-clang | 0.3 | 244.42 | NOTE | |||
r-devel-linux-x86_64-fedora-gcc | 0.3 | 243.92 | NOTE | |||
r-devel-windows-x86_64 | 0.3 | 12.00 | 122.00 | 134.00 | OK | |
r-patched-linux-x86_64 | 0.3 | 7.32 | 153.29 | 160.61 | OK | |
r-release-linux-x86_64 | 0.3 | 7.05 | 152.12 | 159.17 | OK | |
r-release-macos-arm64 | 0.3 | 53.00 | OK | |||
r-release-macos-x86_64 | 0.3 | 113.00 | OK | |||
r-release-windows-x86_64 | 0.3 | 13.00 | 119.00 | 132.00 | OK | |
r-oldrel-macos-arm64 | 0.3 | 58.00 | OK | |||
r-oldrel-macos-x86_64 | 0.3 | 115.00 | OK | |||
r-oldrel-windows-x86_64 | 0.3 | 15.00 | 157.00 | 172.00 | OK |
Version: 0.3
Check: dependencies in R code
Result: NOTE
Namespaces in Imports field not imported from:
‘lifecycle’ ‘mathjaxr’
All declared Imports should be used.
Flavors: r-devel-linux-x86_64-fedora-clang, r-devel-linux-x86_64-fedora-gcc