Last updated on 2025-09-30 20:50:49 CEST.
Flavor | Version | Tinstall | Tcheck | Ttotal | Status | Flags |
---|---|---|---|---|---|---|
r-devel-linux-x86_64-debian-clang | 1.0.0 | 32.46 | 54.32 | 86.78 | NOTE | |
r-devel-linux-x86_64-debian-gcc | 1.0.0 | 24.29 | 38.45 | 62.74 | NOTE | |
r-devel-linux-x86_64-fedora-clang | 1.0.0 | 142.78 | OK | |||
r-devel-linux-x86_64-fedora-gcc | 1.0.0 | 154.24 | OK | |||
r-devel-windows-x86_64 | 1.0.0 | 43.00 | 101.00 | 144.00 | OK | |
r-patched-linux-x86_64 | 1.0.0 | 37.65 | 50.26 | 87.91 | OK | |
r-release-linux-x86_64 | 1.0.0 | 34.41 | 49.52 | 83.93 | OK | |
r-release-macos-arm64 | 1.0.0 | 50.00 | OK | |||
r-release-macos-x86_64 | 1.0.0 | 68.00 | OK | |||
r-release-windows-x86_64 | 1.0.0 | 43.00 | 99.00 | 142.00 | OK | |
r-oldrel-macos-arm64 | 1.0.0 | 41.00 | OK | |||
r-oldrel-macos-x86_64 | 1.0.0 | 57.00 | OK | |||
r-oldrel-windows-x86_64 | 1.0.0 | 52.00 | 116.00 | 168.00 | OK |
Version: 1.0.0
Check: CRAN incoming feasibility
Result: NOTE
Maintainer: ‘James M. Curran <j.curran@auckland.ac.nz>’
No Authors@R field in DESCRIPTION.
Please add one, modifying
Authors@R: person(given = c("James", "M."),
family = "Curran",
role = c("aut", "cre"),
email = "j.curran@auckland.ac.nz")
as necessary.
Flavors: r-devel-linux-x86_64-debian-clang, r-devel-linux-x86_64-debian-gcc