CRAN Package Check Results for Package reliabilitydiag

Last updated on 2025-09-30 20:50:49 CEST.

Flavor Version Tinstall Tcheck Ttotal Status Flags
r-devel-linux-x86_64-debian-clang 0.2.1 7.55 69.90 77.45 NOTE
r-devel-linux-x86_64-debian-gcc 0.2.1 5.03 50.14 55.17 NOTE
r-devel-linux-x86_64-fedora-clang 0.2.1 116.61 OK
r-devel-linux-x86_64-fedora-gcc 0.2.1 122.20 OK
r-devel-windows-x86_64 0.2.1 10.00 78.00 88.00 OK
r-patched-linux-x86_64 0.2.1 5.98 65.39 71.37 OK
r-release-linux-x86_64 0.2.1 5.76 64.92 70.68 OK
r-release-macos-arm64 0.2.1 27.00 OK
r-release-macos-x86_64 0.2.1 52.00 OK
r-release-windows-x86_64 0.2.1 9.00 79.00 88.00 OK
r-oldrel-macos-arm64 0.2.1 28.00 OK
r-oldrel-macos-x86_64 0.2.1 39.00 OK
r-oldrel-windows-x86_64 0.2.1 11.00 97.00 108.00 OK

Check Details

Version: 0.2.1
Check: CRAN incoming feasibility
Result: NOTE Maintainer: ‘Alexander I. Jordan <alexander.jordan@h-its.org>’ Package CITATION file contains call(s) to old-style citEntry(). Please use bibentry() instead. Flavors: r-devel-linux-x86_64-debian-clang, r-devel-linux-x86_64-debian-gcc