Last updated on 2025-09-30 20:50:50 CEST.
Flavor | Version | Tinstall | Tcheck | Ttotal | Status | Flags |
---|---|---|---|---|---|---|
r-devel-linux-x86_64-debian-clang | 0.1.2 | 165.32 | 49.38 | 214.70 | OK | |
r-devel-linux-x86_64-debian-gcc | 0.1.2 | 100.31 | 36.48 | 136.79 | OK | |
r-devel-linux-x86_64-fedora-clang | 0.1.2 | 401.31 | OK | |||
r-devel-linux-x86_64-fedora-gcc | 0.1.2 | 372.75 | OK | |||
r-devel-windows-x86_64 | 0.1.2 | 181.00 | 90.00 | 271.00 | OK | |
r-patched-linux-x86_64 | 0.1.2 | 159.87 | 44.83 | 204.70 | OK | |
r-release-linux-x86_64 | 0.1.2 | 164.25 | 44.87 | 209.12 | OK | |
r-release-macos-arm64 | 0.1.2 | 88.00 | OK | |||
r-release-macos-x86_64 | 0.1.2 | 103.00 | OK | |||
r-release-windows-x86_64 | 0.1.2 | 177.00 | 94.00 | 271.00 | OK | |
r-oldrel-macos-arm64 | 0.1.2 | 74.00 | NOTE | |||
r-oldrel-macos-x86_64 | 0.1.2 | 154.00 | NOTE | |||
r-oldrel-windows-x86_64 | 0.1.2 | 207.00 | 112.00 | 319.00 | OK |
Version: 0.1.2
Check: installed package size
Result: NOTE
installed size is 8.8Mb
sub-directories of 1Mb or more:
libs 8.2Mb
Flavors: r-oldrel-macos-arm64, r-oldrel-macos-x86_64