CRAN Package Check Results for Package rstan

Last updated on 2025-09-30 20:50:50 CEST.

Flavor Version Tinstall Tcheck Ttotal Status Flags
r-devel-linux-x86_64-debian-clang 2.32.7 184.24 203.67 387.91 OK
r-devel-linux-x86_64-debian-gcc 2.32.7 143.84 160.57 304.41 OK
r-devel-linux-x86_64-fedora-clang 2.32.7 663.67 OK
r-devel-linux-x86_64-fedora-gcc 2.32.7 1522.74 OK
r-devel-windows-x86_64 2.32.7 236.00 223.00 459.00 OK
r-patched-linux-x86_64 2.32.7 210.39 213.08 423.47 OK
r-release-linux-x86_64 2.32.7 202.83 213.40 416.23 OK
r-release-macos-arm64 2.32.7 299.00 OK
r-release-macos-x86_64 2.32.7 979.00 OK
r-release-windows-x86_64 2.32.7 232.00 225.00 457.00 OK
r-oldrel-macos-arm64 2.32.7 223.00 NOTE
r-oldrel-macos-x86_64 2.32.7 395.00 NOTE
r-oldrel-windows-x86_64 2.32.7 264.00 276.00 540.00 NOTE

Check Details

Version: 2.32.7
Check: installed package size
Result: NOTE installed size is 49.5Mb sub-directories of 1Mb or more: exec 1.7Mb lib 34.2Mb libs 11.7Mb Flavors: r-oldrel-macos-arm64, r-oldrel-macos-x86_64, r-oldrel-windows-x86_64

Version: 2.32.7
Check: for GNU extensions in Makefiles
Result: NOTE GNU make is a SystemRequirements. Flavors: r-oldrel-macos-arm64, r-oldrel-macos-x86_64, r-oldrel-windows-x86_64