Last updated on 2025-09-30 20:50:50 CEST.
Flavor | Version | Tinstall | Tcheck | Ttotal | Status | Flags |
---|---|---|---|---|---|---|
r-devel-linux-x86_64-debian-clang | 0.1.9 | 245.63 | 226.00 | 471.63 | OK | |
r-devel-linux-x86_64-debian-gcc | 0.1.9 | 218.43 | 171.37 | 389.80 | OK | |
r-devel-linux-x86_64-fedora-clang | 0.1.9 | 722.47 | OK | |||
r-devel-linux-x86_64-fedora-gcc | 0.1.9 | 878.16 | OK | |||
r-devel-windows-x86_64 | 0.1.9 | 270.00 | 249.00 | 519.00 | OK | |
r-patched-linux-x86_64 | 0.1.9 | 301.75 | 236.90 | 538.65 | OK | |
r-release-linux-x86_64 | 0.1.9 | 282.67 | 237.45 | 520.12 | OK | |
r-release-macos-arm64 | 0.1.9 | 218.00 | OK | |||
r-release-macos-x86_64 | 0.1.9 | 543.00 | OK | |||
r-release-windows-x86_64 | 0.1.9 | 270.00 | 250.00 | 520.00 | OK | |
r-oldrel-macos-arm64 | 0.1.9 | 179.00 | NOTE | |||
r-oldrel-macos-x86_64 | 0.1.9 | 305.00 | NOTE | |||
r-oldrel-windows-x86_64 | 0.1.9 | 299.00 | 322.00 | 621.00 | NOTE |
Version: 0.1.9
Check: installed package size
Result: NOTE
installed size is 57.3Mb
sub-directories of 1Mb or more:
libs 56.6Mb
Flavors: r-oldrel-macos-arm64, r-oldrel-macos-x86_64
Version: 0.1.9
Check: for GNU extensions in Makefiles
Result: NOTE
GNU make is a SystemRequirements.
Flavors: r-oldrel-macos-arm64, r-oldrel-macos-x86_64, r-oldrel-windows-x86_64