Last updated on 2025-09-30 20:50:51 CEST.
Flavor | Version | Tinstall | Tcheck | Ttotal | Status | Flags |
---|---|---|---|---|---|---|
r-devel-linux-x86_64-debian-clang | 1.0.6 | 43.79 | 79.46 | 123.25 | OK | |
r-devel-linux-x86_64-debian-gcc | 1.0.6 | 33.02 | 56.46 | 89.48 | OK | |
r-devel-windows-x86_64 | 1.0.6 | 53.00 | 110.00 | 163.00 | OK | |
r-patched-linux-x86_64 | 1.0.6 | 48.92 | 76.18 | 125.10 | OK | |
r-release-linux-x86_64 | 1.0.6 | 42.20 | 75.03 | 117.23 | OK | |
r-release-macos-arm64 | 1.0.6 | 46.00 | OK | |||
r-release-macos-x86_64 | 1.0.6 | 83.00 | OK | |||
r-release-windows-x86_64 | 1.0.6 | 53.00 | 114.00 | 167.00 | OK | |
r-oldrel-macos-arm64 | 1.0.6 | 59.00 | NOTE | |||
r-oldrel-macos-x86_64 | 1.0.6 | 75.00 | NOTE | |||
r-oldrel-windows-x86_64 | 1.0.6 | 64.00 | 139.00 | 203.00 | OK |
Version: 1.0.6
Check: installed package size
Result: NOTE
installed size is 5.7Mb
sub-directories of 1Mb or more:
libs 4.9Mb
Flavors: r-oldrel-macos-arm64, r-oldrel-macos-x86_64