CRAN Package Check Results for Package simplegraph

Last updated on 2025-09-30 20:50:52 CEST.

Flavor Version Tinstall Tcheck Ttotal Status Flags
r-devel-linux-x86_64-debian-clang 1.0.1 2.26 26.73 28.99 NOTE
r-devel-linux-x86_64-debian-gcc 1.0.1 1.72 21.05 22.77 NOTE
r-devel-linux-x86_64-fedora-clang 1.0.1 40.98 OK
r-devel-linux-x86_64-fedora-gcc 1.0.1 39.47 OK
r-devel-windows-x86_64 1.0.1 3.00 50.00 53.00 OK
r-patched-linux-x86_64 1.0.1 2.49 24.31 26.80 OK
r-release-linux-x86_64 1.0.1 2.07 24.36 26.43 OK
r-release-macos-arm64 1.0.1 19.00 OK
r-release-macos-x86_64 1.0.1 28.00 OK
r-release-windows-x86_64 1.0.1 3.00 50.00 53.00 OK
r-oldrel-macos-arm64 1.0.1 16.00 OK
r-oldrel-macos-x86_64 1.0.1 23.00 OK
r-oldrel-windows-x86_64 1.0.1 4.00 56.00 60.00 OK

Check Details

Version: 1.0.1
Check: CRAN incoming feasibility
Result: NOTE Maintainer: ‘Gabor Csardi <csardi.gabor@gmail.com>’ No Authors@R field in DESCRIPTION. Please add one, modifying Authors@R: person(given = "Gabor", family = "Csardi", role = c("aut", "cre"), email = "csardi.gabor@gmail.com") as necessary. Flavors: r-devel-linux-x86_64-debian-clang, r-devel-linux-x86_64-debian-gcc