CRAN Package Check Results for Package skyscapeR

Last updated on 2025-09-30 20:50:52 CEST.

Flavor Version Tinstall Tcheck Ttotal Status Flags
r-devel-linux-x86_64-debian-clang 1.0.0 17.70 265.61 283.31 OK
r-devel-linux-x86_64-debian-gcc 1.0.0 10.73 169.57 180.30 OK
r-devel-linux-x86_64-fedora-clang 1.0.0 453.21 NOTE
r-devel-linux-x86_64-fedora-gcc 1.0.0 442.89 NOTE
r-devel-windows-x86_64 1.0.0 17.00 467.00 484.00 OK
r-patched-linux-x86_64 1.0.0 17.12 248.65 265.77 OK
r-release-linux-x86_64 1.0.0 15.41 252.90 268.31 OK
r-release-macos-arm64 1.0.0 319.00 OK
r-release-macos-x86_64 1.0.0 444.00 OK
r-release-windows-x86_64 1.0.0 18.00 463.00 481.00 OK
r-oldrel-macos-arm64 1.0.0 305.00 OK
r-oldrel-macos-x86_64 1.0.0 386.00 OK
r-oldrel-windows-x86_64 1.0.0 25.00 554.00 579.00 OK

Check Details

Version: 1.0.0
Check: dependencies in R code
Result: NOTE Namespaces in Imports field not imported from: ‘numDeriv’ ‘png’ All declared Imports should be used. Flavors: r-devel-linux-x86_64-fedora-clang, r-devel-linux-x86_64-fedora-gcc