CRAN Package Check Results for Package smicd

Last updated on 2025-09-30 20:50:52 CEST.

Flavor Version Tinstall Tcheck Ttotal Status Flags
r-devel-linux-x86_64-debian-clang 1.1.5 17.02 121.33 138.35 NOTE
r-devel-linux-x86_64-debian-gcc 1.1.5 11.02 86.66 97.68 NOTE
r-devel-linux-x86_64-fedora-clang 1.1.5 219.34 OK
r-devel-linux-x86_64-fedora-gcc 1.1.5 224.13 OK
r-devel-windows-x86_64 1.1.5 17.00 118.00 135.00 OK
r-patched-linux-x86_64 1.1.5 16.36 113.58 129.94 OK
r-release-linux-x86_64 1.1.5 15.58 114.59 130.17 OK
r-release-macos-arm64 1.1.5 55.00 OK
r-release-macos-x86_64 1.1.5 119.00 OK
r-release-windows-x86_64 1.1.5 18.00 120.00 138.00 OK
r-oldrel-macos-arm64 1.1.5 42.00 OK
r-oldrel-macos-x86_64 1.1.5 66.00 OK
r-oldrel-windows-x86_64 1.1.5 24.00 149.00 173.00 OK

Check Details

Version: 1.1.5
Check: CRAN incoming feasibility
Result: NOTE Maintainer: ‘Paul Walter <paul.w@gmx.net>’ No Authors@R field in DESCRIPTION. Please add one, modifying Authors@R: person(given = "Paul", family = "Walter", role = c("aut", "cre"), email = "paul.w@gmx.net") as necessary. Flavors: r-devel-linux-x86_64-debian-clang, r-devel-linux-x86_64-debian-gcc