CRAN Package Check Results for Package staggered

Last updated on 2025-09-30 20:50:53 CEST.

Flavor Version Tinstall Tcheck Ttotal Status Flags
r-devel-linux-x86_64-debian-clang 1.2.2 67.64 38.21 105.85 OK
r-devel-linux-x86_64-debian-gcc 1.2.2 52.05 34.38 86.43 OK
r-devel-linux-x86_64-fedora-clang 1.2.2 153.76 OK
r-devel-linux-x86_64-fedora-gcc 1.2.2 180.47 OK
r-devel-windows-x86_64 1.2.2 65.00 76.00 141.00 OK
r-patched-linux-x86_64 1.2.2 64.91 44.20 109.11 OK
r-release-linux-x86_64 1.2.2 72.37 44.92 117.29 OK
r-release-macos-arm64 1.2.2 61.00 OK
r-release-macos-x86_64 1.2.2 105.00 OK
r-release-windows-x86_64 1.2.2 68.00 79.00 147.00 OK
r-oldrel-macos-arm64 1.2.2 52.00 NOTE
r-oldrel-macos-x86_64 1.2.2 133.00 NOTE
r-oldrel-windows-x86_64 1.2.2 76.00 95.00 171.00 OK

Check Details

Version: 1.2.2
Check: installed package size
Result: NOTE installed size is 35.7Mb sub-directories of 1Mb or more: libs 35.1Mb Flavors: r-oldrel-macos-arm64, r-oldrel-macos-x86_64