CRAN Package Check Results for Package stochvolTMB

Last updated on 2025-09-30 20:50:53 CEST.

Flavor Version Tinstall Tcheck Ttotal Status Flags
r-devel-linux-x86_64-debian-clang 0.3.0 31.49 147.53 179.02 OK
r-devel-linux-x86_64-debian-gcc 0.3.0 27.89 125.43 153.32 OK
r-devel-linux-x86_64-fedora-clang 0.3.0 282.55 OK
r-devel-linux-x86_64-fedora-gcc 0.3.0 334.39 OK
r-devel-windows-x86_64 0.3.0 73.00 110.00 183.00 OK
r-patched-linux-x86_64 0.3.0 37.57 148.71 186.28 OK
r-release-linux-x86_64 0.3.0 39.23 147.65 186.88 OK
r-release-macos-arm64 0.3.0 93.00 OK
r-release-macos-x86_64 0.3.0 173.00 OK
r-release-windows-x86_64 0.3.0 74.00 113.00 187.00 OK
r-oldrel-macos-arm64 0.3.0 93.00 NOTE
r-oldrel-macos-x86_64 0.3.0 162.00 NOTE
r-oldrel-windows-x86_64 0.3.0 89.00 136.00 225.00 NOTE

Check Details

Version: 0.3.0
Check: installed package size
Result: NOTE installed size is 47.5Mb sub-directories of 1Mb or more: joss_paper 1.2Mb libs 45.5Mb Flavors: r-oldrel-macos-arm64, r-oldrel-macos-x86_64, r-oldrel-windows-x86_64