CRAN Package Check Results for Package symbolicQspray

Last updated on 2025-09-30 20:50:53 CEST.

Flavor Version Tinstall Tcheck Ttotal Status Flags
r-devel-linux-x86_64-debian-clang 1.1.0 96.59 116.36 212.95 OK
r-devel-linux-x86_64-debian-gcc 1.1.0 73.75 80.69 154.44 OK
r-devel-linux-x86_64-fedora-clang 1.1.0 333.45 OK
r-devel-linux-x86_64-fedora-gcc 1.1.0 349.89 OK
r-devel-windows-x86_64 1.1.0 96.00 154.00 250.00 OK
r-patched-linux-x86_64 1.1.0 104.52 107.78 212.30 OK
r-release-linux-x86_64 1.1.0 96.29 108.48 204.77 OK
r-release-macos-arm64 1.1.0 97.00 OK
r-release-macos-x86_64 1.1.0 204.00 OK
r-release-windows-x86_64 1.1.0 97.00 149.00 246.00 OK
r-oldrel-macos-arm64 1.1.0 89.00 NOTE
r-oldrel-macos-x86_64 1.1.0 245.00 NOTE
r-oldrel-windows-x86_64 1.1.0 117.00 184.00 301.00 OK

Check Details

Version: 1.1.0
Check: installed package size
Result: NOTE installed size is 25.0Mb sub-directories of 1Mb or more: libs 24.3Mb Flavors: r-oldrel-macos-arm64, r-oldrel-macos-x86_64