Last updated on 2025-09-30 20:50:53 CEST.
Flavor | Version | Tinstall | Tcheck | Ttotal | Status | Flags |
---|---|---|---|---|---|---|
r-devel-linux-x86_64-debian-clang | 1.2.3 | 44.67 | 40.59 | 85.26 | OK | |
r-devel-linux-x86_64-debian-gcc | 1.2.3 | 34.35 | 31.09 | 65.44 | OK | |
r-devel-linux-x86_64-fedora-clang | 1.2.3 | 151.60 | OK | |||
r-devel-linux-x86_64-fedora-gcc | 1.2.3 | 161.00 | OK | |||
r-devel-windows-x86_64 | 1.2.3 | 68.00 | 83.00 | 151.00 | OK | |
r-patched-linux-x86_64 | 1.2.3 | 47.61 | 37.13 | 84.74 | OK | |
r-release-linux-x86_64 | 1.2.3 | 47.09 | 37.26 | 84.35 | OK | |
r-release-macos-arm64 | 1.3.0 | 75.00 | ERROR | |||
r-release-macos-x86_64 | 1.3.0 | 29.00 | ERROR | |||
r-release-windows-x86_64 | 1.2.3 | 66.00 | 85.00 | 151.00 | OK | |
r-oldrel-macos-arm64 | 1.2.3 | 51.00 | NOTE | |||
r-oldrel-macos-x86_64 | 1.3.0 | 36.00 | ERROR | |||
r-oldrel-windows-x86_64 | 1.2.3 | 78.00 | 96.00 | 174.00 | OK |
Version: 1.3.0
Check: whether package can be installed
Result: ERROR
Installation failed.
Flavors: r-release-macos-arm64, r-release-macos-x86_64, r-oldrel-macos-x86_64
Version: 1.2.3
Check: installed package size
Result: NOTE
installed size is 25.2Mb
sub-directories of 1Mb or more:
libs 24.8Mb
Flavor: r-oldrel-macos-arm64