Last updated on 2025-09-30 20:50:55 CEST.
Flavor | Version | Tinstall | Tcheck | Ttotal | Status | Flags |
---|---|---|---|---|---|---|
r-devel-linux-x86_64-debian-clang | 0.1.3 | 15.85 | 112.73 | 128.58 | OK | |
r-devel-linux-x86_64-debian-gcc | 0.1.3 | 11.71 | 75.32 | 87.03 | OK | |
r-devel-linux-x86_64-fedora-clang | 0.1.3 | 203.19 | OK | |||
r-devel-linux-x86_64-fedora-gcc | 0.1.3 | 189.87 | OK | |||
r-devel-windows-x86_64 | 0.1.3 | 24.00 | 118.00 | 142.00 | OK | |
r-patched-linux-x86_64 | 0.1.3 | 16.65 | 102.63 | 119.28 | OK | |
r-release-linux-x86_64 | 0.1.3 | 18.87 | 103.67 | 122.54 | OK | |
r-release-macos-arm64 | 0.1.3 | 6.00 | ERROR | |||
r-release-macos-x86_64 | 0.1.3 | 9.00 | ERROR | |||
r-release-windows-x86_64 | 0.1.3 | 21.00 | 118.00 | 139.00 | OK | |
r-oldrel-macos-arm64 | 0.1.3 | 11.00 | ERROR | |||
r-oldrel-macos-x86_64 | 0.1.3 | 17.00 | ERROR | |||
r-oldrel-windows-x86_64 | 0.1.3 | 27.00 | 152.00 | 179.00 | OK |
Version: 0.1.3
Check: whether package can be installed
Result: ERROR
Installation failed.
Flavors: r-release-macos-arm64, r-release-macos-x86_64, r-oldrel-macos-arm64, r-oldrel-macos-x86_64