CRAN Package Check Results for Package unigd

Last updated on 2025-09-30 20:50:55 CEST.

Flavor Version Tinstall Tcheck Ttotal Status Flags
r-devel-linux-x86_64-debian-clang 0.1.3 70.65 38.96 109.61 OK
r-devel-linux-x86_64-debian-gcc 0.1.3 60.40 30.65 91.05 OK
r-devel-linux-x86_64-fedora-clang 0.1.3 205.92 OK
r-devel-linux-x86_64-fedora-gcc 0.1.3 236.53 OK
r-devel-windows-x86_64 0.1.3 119.00 120.00 239.00 OK
r-patched-linux-x86_64 0.1.3 85.13 36.10 121.23 OK
r-release-linux-x86_64 0.1.3 88.57 35.84 124.41 OK
r-release-macos-arm64 0.1.3 80.00 OK
r-release-macos-x86_64 0.1.3 99.00 OK
r-release-windows-x86_64 0.1.3 116.00 122.00 238.00 OK
r-oldrel-macos-arm64 0.1.3 62.00 NOTE
r-oldrel-macos-x86_64 0.1.3 161.00 NOTE
r-oldrel-windows-x86_64 0.1.3 133.00 155.00 288.00 NOTE

Additional issues

rchk

Check Details

Version: 0.1.3
Check: installed package size
Result: NOTE installed size is 15.4Mb sub-directories of 1Mb or more: libs 14.2Mb Flavors: r-oldrel-macos-arm64, r-oldrel-macos-x86_64, r-oldrel-windows-x86_64